{"id":448,"date":"2020-01-12T14:44:07","date_gmt":"2020-01-12T13:44:07","guid":{"rendered":"http:\/\/ecepsmontsurmarchienne.be\/?page_id=448"},"modified":"2024-07-01T13:50:07","modified_gmt":"2024-07-01T11:50:07","slug":"bienvenue-2","status":"publish","type":"page","link":"https:\/\/ecepsmontsurmarchienne.be\/","title":{"rendered":"ACCUEIL"},"content":{"rendered":"<div class=\"\" style=\"\" >\n    \n    <section class=\"u-align-left-xs u-clearfix u-grey-10 u-section-2\" id=\"sec-e15e\">\n      <div class=\"u-clearfix u-sheet u-sheet-1\"><\/div>\n    <\/section>\n    <section class=\"u-align-left u-clearfix u-section-3\" id=\"sec-9e0b\">\n      <div class=\"u-clearfix u-sheet u-sheet-1\">\n        <h1 class=\"u-text u-text-1\">Nous avons d\u00e9m\u00e9nag\u00e9 --&gt; <a href=\"http:\/\/www.eceps.be\" class=\"u-active-none u-border-none u-btn u-button-link u-button-style u-hover-none u-none u-text-palette-1-base u-btn-1\">www.eceps.be<\/a>\n        <\/h1>\n      <\/div>\n    <\/section>\n    \n    \n    \n  \n<\/div>","protected":false},"excerpt":{"rendered":"<p>Nous avons d\u00e9m\u00e9nag\u00e9 &#8211;&gt; www.eceps.be<\/p>\n","protected":false},"author":1,"featured_media":0,"parent":0,"menu_order":1,"comment_status":"closed","ping_status":"closed","template":"","meta":[],"_links":{"self":[{"href":"https:\/\/ecepsmontsurmarchienne.be\/index.php\/wp-json\/wp\/v2\/pages\/448"}],"collection":[{"href":"https:\/\/ecepsmontsurmarchienne.be\/index.php\/wp-json\/wp\/v2\/pages"}],"about":[{"href":"https:\/\/ecepsmontsurmarchienne.be\/index.php\/wp-json\/wp\/v2\/types\/page"}],"author":[{"embeddable":true,"href":"https:\/\/ecepsmontsurmarchienne.be\/index.php\/wp-json\/wp\/v2\/users\/1"}],"replies":[{"embeddable":true,"href":"https:\/\/ecepsmontsurmarchienne.be\/index.php\/wp-json\/wp\/v2\/comments?post=448"}],"version-history":[{"count":51,"href":"https:\/\/ecepsmontsurmarchienne.be\/index.php\/wp-json\/wp\/v2\/pages\/448\/revisions"}],"predecessor-version":[{"id":1485,"href":"https:\/\/ecepsmontsurmarchienne.be\/index.php\/wp-json\/wp\/v2\/pages\/448\/revisions\/1485"}],"wp:attachment":[{"href":"https:\/\/ecepsmontsurmarchienne.be\/index.php\/wp-json\/wp\/v2\/media?parent=448"}],"curies":[{"name":"wp","href":"https:\/\/api.w.org\/{rel}","templated":true}]}}